{"id":1442,"date":"2025-10-10T15:18:00","date_gmt":"2025-10-10T15:18:00","guid":{"rendered":"https:\/\/www.aaps.gob.bo\/wordpress\/?page_id=1442"},"modified":"2025-12-16T19:02:20","modified_gmt":"2025-12-16T19:02:20","slug":"estrategia-de-regulacion-concurrente-de-la-epsa","status":"publish","type":"page","link":"https:\/\/www.aaps.gob.bo\/wordpress\/index.php\/estrategia-de-regulacion-concurrente-de-la-epsa\/","title":{"rendered":"ESTRATEGIA DE REGULACION CONCURRENTE DE LA EPSA"},"content":{"rendered":"\n<p>Listado Oficial de estudiantes aprobados del Curso de Relevamiento y Validaci\u00f3n de Informaci\u00f3n T\u00e9cnica, Econ\u00f3mica, Financiera y Legal para la Regularizaci\u00f3n de las EPSA. <\/p>\n\n\n\n<div class=\"wp-block-card-imagen-block imagen-card-container d-flex flex-column p-3 m-2\" style=\"border:1px solid var(--texto-default);background-color:var(--background-paper)\"><a class=\"card border-0\" href=\"https:\/\/www.aaps.gob.bo\/wordpress\/wp-content\/uploads\/Documentacion\/ERC\/Lista_de_Aprobados_del_curso.pdf\" target=\"_blank\" rel=\"noopener\"><div class=\"imagen-card d-flex flex-row\"><div class=\"col-md-4\"><img decoding=\"async\" src=\"https:\/\/www.aaps.gob.bo\/wordpress\/wp-content\/uploads\/2025\/09\/descarga.png\" class=\"imagen-card-icon img-fluid\"\/><\/div><div class=\"col-md-8 imagen-card-body\"><h5 class=\"imagen-card-title\">Listado Oficial<\/h5><p class=\"imagen-card-text\">Estudiantes Aprobados de:<br>Estrategia de Regularizaci\u00f3n Concurrente<\/p><\/div><\/div><\/a><\/div>\n\n\n\n<p><\/p>\n\n\n\n<h2 class=\"wp-block-heading\">DOCUMENTACI\u00d3N:<\/h2>\n\n\n\n<div class=\"wp-block-card-imagen-block imagen-card-container d-flex flex-column p-3 m-2\" style=\"border:1px solid var(--texto-default);background-color:var(--background-paper)\"><a class=\"card border-0\" href=\"https:\/\/www.aaps.gob.bo\/wordpress\/wp-content\/uploads\/Documentacion\/ERC\/RAR-AAPS-No-315-2023.pdf\" target=\"_blank\" rel=\"noopener\"><div class=\"imagen-card d-flex flex-row\"><div class=\"col-md-4\"><img decoding=\"async\" src=\"https:\/\/www.aaps.gob.bo\/wordpress\/wp-content\/uploads\/2025\/10\/315-2023.png\" class=\"imagen-card-icon img-fluid\"\/><\/div><div class=\"col-md-8 imagen-card-body\"><h5 class=\"imagen-card-title\">RAR AAPS N\u00b0 315\/2023<\/h5><p class=\"imagen-card-text\">Resoluci\u00f3n  Administrativa Regulatoria AAPS No.315\/2023<br>La Paz, 22 de septiembre de 2023<\/p><\/div><\/div><\/a><\/div>\n\n\n\n<div class=\"wp-block-card-imagen-block imagen-card-container d-flex flex-column p-3 m-2\" style=\"border:1px solid var(--texto-default);background-color:var(--background-paper)\"><a class=\"card border-0\" href=\"https:\/\/www.aaps.gob.bo\/wordpress\/wp-content\/uploads\/Documentacion\/ERC\/NOTA-MODELO-INTENCION-CONVENIO-JV.docx\" target=\"_blank\" rel=\"noopener\"><div class=\"imagen-card d-flex flex-row\"><div class=\"col-md-4\"><img decoding=\"async\" src=\"https:\/\/www.aaps.gob.bo\/wordpress\/wp-content\/uploads\/2025\/12\/NOTA.png\" class=\"imagen-card-icon img-fluid\"\/><\/div><div class=\"col-md-8 imagen-card-body\"><h5 class=\"imagen-card-title\">MODELO DE:<\/h5><p class=\"imagen-card-text\">NOTA TIPO DE INTENCI\u00d3N DE FIRMA DE CONVENIO<\/p><\/div><\/div><\/a><\/div>\n\n\n\n<div class=\"wp-block-card-imagen-block imagen-card-container d-flex flex-column p-3 m-2\" style=\"border:1px solid var(--texto-default);background-color:var(--background-paper)\"><a class=\"card border-0\" href=\"https:\/\/www.aaps.gob.bo\/wordpress\/wp-content\/uploads\/Documentacion\/ERC\/Manual&amp;Anexos-Hasta-2.000.rar\" target=\"_blank\" rel=\"noopener\"><div class=\"imagen-card d-flex flex-row\"><div class=\"col-md-4\"><img decoding=\"async\" src=\"https:\/\/www.aaps.gob.bo\/wordpress\/wp-content\/uploads\/2025\/10\/2000-HABITANTES.png\" class=\"imagen-card-icon img-fluid\"\/><\/div><div class=\"col-md-8 imagen-card-body\"><h5 class=\"imagen-card-title\">MANUAL Y ANEXOS: POBLACIONES DE 2.000 HABITANTES<\/h5><p class=\"imagen-card-text\">Manual de relevamiento y validaci\u00f3n de informaci\u00f3n para presentaci\u00f3n de solicitudes de regularizaci\u00f3n de EPSA en modalidad concurrente con Gobiernos Aut\u00f3nomos Municipales<\/p><\/div><\/div><\/a><\/div>\n\n\n\n<div class=\"wp-block-card-imagen-block imagen-card-container d-flex flex-column p-3 m-2\" style=\"border:1px solid var(--texto-default);background-color:var(--background-paper)\"><a class=\"card border-0\" href=\"https:\/\/www.aaps.gob.bo\/wordpress\/wp-content\/uploads\/Documentacion\/ERC\/Manual&amp;Anexos-Pob-2.000-10.000.rar\" target=\"_blank\" rel=\"noopener\"><div class=\"imagen-card d-flex flex-row\"><div class=\"col-md-4\"><img decoding=\"async\" src=\"https:\/\/www.aaps.gob.bo\/wordpress\/wp-content\/uploads\/2025\/10\/2000-HABITANTES.png\" class=\"imagen-card-icon img-fluid\"\/><\/div><div class=\"col-md-8 imagen-card-body\"><h5 class=\"imagen-card-title\">MANUAL Y ANEXOS: POBLACIONES DE 2.000  A10.000 HABITANTES<\/h5><p class=\"imagen-card-text\">Manual de relevamiento y validaci\u00f3n de informaci\u00f3n para presentaci\u00f3n de solicitudes de regularizaci\u00f3n de EPSA en modalidad concurrente con Gobiernos Aut\u00f3nomos Municipales<\/p><\/div><\/div><\/a><\/div>\n\n\n\n<div class=\"wp-block-card-imagen-block imagen-card-container d-flex flex-column p-3 m-2\" style=\"border:1px solid var(--texto-default);background-color:var(--background-paper)\"><a class=\"card border-0\" href=\"https:\/\/www.aaps.gob.bo\/wordpress\/wp-content\/uploads\/Documentacion\/ERC\/Convenio_Cooperacion_Interinstitucional_AAPS_GAM.odt\" target=\"_blank\" rel=\"noopener\"><div class=\"imagen-card d-flex flex-row\"><div class=\"col-md-4\"><img decoding=\"async\" src=\"https:\/\/www.aaps.gob.bo\/wordpress\/wp-content\/uploads\/2025\/10\/modelo_de_convenio.png\" class=\"imagen-card-icon img-fluid\"\/><\/div><div class=\"col-md-8 imagen-card-body\"><h5 class=\"imagen-card-title\">MODELO DE:<\/h5><p class=\"imagen-card-text\">Convenio de Cooperaci\u00f3n Interinstitucional <br>AAPS -GAM<\/p><\/div><\/div><\/a><\/div>\n","protected":false},"excerpt":{"rendered":"<p>Listado Oficial de estudiantes aprobados del Curso de Relevamiento y Validaci\u00f3n de Informaci\u00f3n T\u00e9cnica, Econ\u00f3mica, Financiera y Legal para la Regularizaci\u00f3n de las EPSA. DOCUMENTACI\u00d3N:<\/p>\n","protected":false},"author":1,"featured_media":0,"parent":0,"menu_order":0,"comment_status":"closed","ping_status":"closed","template":"","meta":{"_acf_changed":false,"footnotes":""},"class_list":["post-1442","page","type-page","status-publish","hentry"],"acf":[],"_links":{"self":[{"href":"https:\/\/www.aaps.gob.bo\/wordpress\/index.php\/wp-json\/wp\/v2\/pages\/1442","targetHints":{"allow":["GET"]}}],"collection":[{"href":"https:\/\/www.aaps.gob.bo\/wordpress\/index.php\/wp-json\/wp\/v2\/pages"}],"about":[{"href":"https:\/\/www.aaps.gob.bo\/wordpress\/index.php\/wp-json\/wp\/v2\/types\/page"}],"author":[{"embeddable":true,"href":"https:\/\/www.aaps.gob.bo\/wordpress\/index.php\/wp-json\/wp\/v2\/users\/1"}],"replies":[{"embeddable":true,"href":"https:\/\/www.aaps.gob.bo\/wordpress\/index.php\/wp-json\/wp\/v2\/comments?post=1442"}],"version-history":[{"count":15,"href":"https:\/\/www.aaps.gob.bo\/wordpress\/index.php\/wp-json\/wp\/v2\/pages\/1442\/revisions"}],"predecessor-version":[{"id":1775,"href":"https:\/\/www.aaps.gob.bo\/wordpress\/index.php\/wp-json\/wp\/v2\/pages\/1442\/revisions\/1775"}],"wp:attachment":[{"href":"https:\/\/www.aaps.gob.bo\/wordpress\/index.php\/wp-json\/wp\/v2\/media?parent=1442"}],"curies":[{"name":"wp","href":"https:\/\/api.w.org\/{rel}","templated":true}]}}