{"id":1959,"date":"2026-02-26T14:22:53","date_gmt":"2026-02-26T14:22:53","guid":{"rendered":"https:\/\/www.aaps.gob.bo\/wordpress\/?page_id=1959"},"modified":"2026-02-26T14:24:48","modified_gmt":"2026-02-26T14:24:48","slug":"lista-oficial-de-estudiantes-aprobados-del-curso-relevamiento-y-validacion-de-informacion-tecnica-economica-financiera-y-legal-para-la-regularizacion-de-las-epsa","status":"publish","type":"page","link":"https:\/\/www.aaps.gob.bo\/wordpress\/index.php\/lista-oficial-de-estudiantes-aprobados-del-curso-relevamiento-y-validacion-de-informacion-tecnica-economica-financiera-y-legal-para-la-regularizacion-de-las-epsa\/","title":{"rendered":"Lista Oficial de Estudiantes Aprobados del Curso:"},"content":{"rendered":"\n<div class=\"wp-block-card-imagen-block imagen-card-container d-flex flex-column p-3 m-2\" style=\"border:1px solid var(--texto-default);background-color:var(--background-paper)\"><a class=\"card border-0\" href=\"https:\/\/www.aaps.gob.bo\/wordpress\/wp-content\/uploads\/Documentacion\/ListaEstudiantesAprobados\/Listado de aprobados curso AAPS 26-2-2026.pdf\" target=\"_blank\" rel=\"noopener\"><div class=\"imagen-card d-flex flex-row\"><div class=\"col-md-4\"><img decoding=\"async\" src=\"https:\/\/www.aaps.gob.bo\/wordpress\/wp-content\/uploads\/2025\/12\/Curso_LyR.jpeg\" class=\"imagen-card-icon img-fluid\"\/><\/div><div class=\"col-md-8 imagen-card-body\"><h5 class=\"imagen-card-title\">RELEVAMIENTO Y VALIDACI\u00d3N DE INFORMACI\u00d3N T\u00c9CNICA, ECON\u00d3MICA, FINANCIERA Y LEGAL PARA LA REGULARIZACI\u00d3N DE LAS EPSA<\/h5><p class=\"imagen-card-text\">&#8212;> Descargar<\/p><\/div><\/div><\/a><\/div>\n\n\n\n<p><\/p>\n","protected":false},"excerpt":{"rendered":"","protected":false},"author":1,"featured_media":0,"parent":0,"menu_order":0,"comment_status":"closed","ping_status":"closed","template":"","meta":{"_acf_changed":false,"footnotes":""},"class_list":["post-1959","page","type-page","status-publish","hentry"],"acf":[],"_links":{"self":[{"href":"https:\/\/www.aaps.gob.bo\/wordpress\/index.php\/wp-json\/wp\/v2\/pages\/1959","targetHints":{"allow":["GET"]}}],"collection":[{"href":"https:\/\/www.aaps.gob.bo\/wordpress\/index.php\/wp-json\/wp\/v2\/pages"}],"about":[{"href":"https:\/\/www.aaps.gob.bo\/wordpress\/index.php\/wp-json\/wp\/v2\/types\/page"}],"author":[{"embeddable":true,"href":"https:\/\/www.aaps.gob.bo\/wordpress\/index.php\/wp-json\/wp\/v2\/users\/1"}],"replies":[{"embeddable":true,"href":"https:\/\/www.aaps.gob.bo\/wordpress\/index.php\/wp-json\/wp\/v2\/comments?post=1959"}],"version-history":[{"count":2,"href":"https:\/\/www.aaps.gob.bo\/wordpress\/index.php\/wp-json\/wp\/v2\/pages\/1959\/revisions"}],"predecessor-version":[{"id":1962,"href":"https:\/\/www.aaps.gob.bo\/wordpress\/index.php\/wp-json\/wp\/v2\/pages\/1959\/revisions\/1962"}],"wp:attachment":[{"href":"https:\/\/www.aaps.gob.bo\/wordpress\/index.php\/wp-json\/wp\/v2\/media?parent=1959"}],"curies":[{"name":"wp","href":"https:\/\/api.w.org\/{rel}","templated":true}]}}