{"id":37,"date":"2025-08-14T20:20:30","date_gmt":"2025-08-14T20:20:30","guid":{"rendered":"https:\/\/aaps.gob.bowordpress\/?page_id=37"},"modified":"2025-08-14T20:20:30","modified_gmt":"2025-08-14T20:20:30","slug":"mision-vision-valores-y-principios","status":"publish","type":"page","link":"https:\/\/www.aaps.gob.bo\/wordpress\/index.php\/mision-vision-valores-y-principios\/","title":{"rendered":"Misi\u00f3n, visi\u00f3n, valores y principios"},"content":{"rendered":"\n<p><strong>MISI\u00d3N<\/strong><\/p>\n\n\n\n<p>\u201cFiscalizar, supervisar, controlar y regular las actividades de agua potable y saneamiento b\u00e1sico garantizando la calidad, cantidad, continuidad y accesibilidad para los usuarios y asegurar una gesti\u00f3n eficiente sostenible equitativa y transparente, protegiendo los derechos de los mismos y de los operadores contribuyendo a la conservaci\u00f3n de recursos h\u00eddricos en el marco de la Pol\u00edtica del Uso Eficiente del Agua y la Industrializaci\u00f3n del Pa\u00eds\u201d.<\/p>\n\n\n\n<p><strong>VISI\u00d3N<\/strong><\/p>\n\n\n\n<p>\u00abEntidad gubernamental l\u00edder en la fiscalizaci\u00f3n y regulaci\u00f3n de los servicios de agua potable y alcantarillado sanitario, garantizando calidad, continuidad y accesibilidad para los usuarios, con gesti\u00f3n eficiente, sostenible, equitativa y transparente en el marco de la pol\u00edtica de uso eficiente del agua, industrializaci\u00f3n, protecci\u00f3n del medio ambiente con enfoque de econom\u00eda circular para una gesti\u00f3n tecnol\u00f3gica sustentable del agua\u00bb.<\/p>\n\n\n\n<p><\/p>\n","protected":false},"excerpt":{"rendered":"<p>MISI\u00d3N \u201cFiscalizar, supervisar, controlar y regular las actividades de agua potable y saneamiento b\u00e1sico garantizando la calidad, cantidad, continuidad y accesibilidad para los usuarios y asegurar una gesti\u00f3n eficiente sostenible equitativa y transparente, protegiendo los derechos de los mismos y de los operadores contribuyendo a la conservaci\u00f3n de recursos h\u00eddricos en el marco de la [&hellip;]<\/p>\n","protected":false},"author":1,"featured_media":0,"parent":0,"menu_order":0,"comment_status":"closed","ping_status":"closed","template":"","meta":{"_acf_changed":false,"footnotes":""},"class_list":["post-37","page","type-page","status-publish","hentry"],"acf":[],"_links":{"self":[{"href":"https:\/\/www.aaps.gob.bo\/wordpress\/index.php\/wp-json\/wp\/v2\/pages\/37","targetHints":{"allow":["GET"]}}],"collection":[{"href":"https:\/\/www.aaps.gob.bo\/wordpress\/index.php\/wp-json\/wp\/v2\/pages"}],"about":[{"href":"https:\/\/www.aaps.gob.bo\/wordpress\/index.php\/wp-json\/wp\/v2\/types\/page"}],"author":[{"embeddable":true,"href":"https:\/\/www.aaps.gob.bo\/wordpress\/index.php\/wp-json\/wp\/v2\/users\/1"}],"replies":[{"embeddable":true,"href":"https:\/\/www.aaps.gob.bo\/wordpress\/index.php\/wp-json\/wp\/v2\/comments?post=37"}],"version-history":[{"count":1,"href":"https:\/\/www.aaps.gob.bo\/wordpress\/index.php\/wp-json\/wp\/v2\/pages\/37\/revisions"}],"predecessor-version":[{"id":38,"href":"https:\/\/www.aaps.gob.bo\/wordpress\/index.php\/wp-json\/wp\/v2\/pages\/37\/revisions\/38"}],"wp:attachment":[{"href":"https:\/\/www.aaps.gob.bo\/wordpress\/index.php\/wp-json\/wp\/v2\/media?parent=37"}],"curies":[{"name":"wp","href":"https:\/\/api.w.org\/{rel}","templated":true}]}}